lse
Is 21058809413 prime?
True
Is 395870333 a prime number?
True
Is 2344068949 a prime number?
False
Is 6701869193 a prime number?
False
Is 2082257477 a prime number?
False
Is 37023599657 prime?
False
Is 811949057 a composite number?
False
Is 9239685311 a prime number?
False
Is 625972177 a prime number?
False
Is 191502455 composite?
True
Is 35678556077 a prime number?
True
Is 5930035165 a prime number?
False
Is 5434293583 a prime number?
False
Is 38732111095 prime?
False
Is 53960882009 a composite number?
True
Is 1024805689 composite?
True
Is 1475433547 prime?
False
Is 141523077719 a prime number?
True
Is 23241183377 a composite number?
True
Is 9292117693 prime?
True
Is 33509230829 a composite number?
False
Is 477331747 a prime number?
True
Is 26698644911 a composite number?
True
Is 217862387 composite?
False
Is 4329411727 prime?
True
Is 443297347 a prime number?
False
Is 4609892063 prime?
False
Is 2223806693 prime?
True
Is 1933208677 prime?
True
Is 113805349649 composite?
False
Is 192555977 a prime number?
False
Is 25704703 a prime number?
False
Is 4461293051 prime?
False
Is 371684201 a prime number?
False
Is 2042728661 a composite number?
True
Is 15190919 a prime number?
True
Is 52188705967 composite?
False
Is 14227184789 prime?
False
Is 10959278741 composite?
True
Is 35901434027 a prime number?
True
Is 13970722169 composite?
True
Is 904853731 a prime number?
False
Is 4614948683 a prime number?
True
Is 87358501057 a composite number?
False
Is 216606451 a composite number?
True
Is 1309269781 a composite number?
False
Is 18797452651 prime?
False
Is 1413289681 a composite number?
False
Is 302714015 prime?
False
Is 335573531 a composite number?
False
Is 5935948043 a prime number?
True
Is 14607405265 a composite number?
True
Is 51656435 a composite number?
True
Is 1102101929 a prime number?
False
Is 63518306353 composite?
False
Is 4244350691 prime?
False
Is 265439025805 composite?
True
Is 4198316197 a prime number?
False
Is 20901871607 a prime number?
True
Is 1105993943 composite?
True
Is 1985576891 prime?
False
Is 46478071 composite?
True
Is 2130653731 prime?
False
Is 2217934445 composite?
True
Is 7470833879 composite?
False
Is 3367090589 composite?
True
Is 2478985633 a prime number?
True
Is 41776147961 composite?
False
Is 1458654317 composite?
True
Is 723060691 prime?
True
Is 25951916747 a prime number?
False
Is 5559254318 prime?
False
Is 142149597259 a prime number?
False
Is 9843678703 composite?
True
Is 3378958523 a composite number?
False
Is 396651065 composite?
True
Is 179067947 a composite number?
True
Is 3985478239 a composite number?
True
Is 142103359 composite?
False
Is 31379916181 a composite number?
True
Is 577050259 a composite number?
False
Is 1655515843 prime?
False
Is 4851033037 a composite number?
True
Is 2477293311 prime?
False
Is 82306249 composite?
False
Is 51672313307 a prime number?
False
Is 8208722267 a composite number?
True
Is 655406207 a prime number?
True
Is 7071470111 a prime number?
True
Is 51598187 composite?
False
Is 6780493771 composite?
True
Is 845610377 prime?
False
Is 235770883 prime?
True
Is 725289893 composite?
False
Is 5200420223 a prime number?
False
Is 1005941801 composite?
True
Is 2583077117 prime?
False
Is 1163424011 prime?
True
Is 50445663 composite?
True
Is 1472345489 a composite number?
False
Is 7879820413 composite?
False
Is 448646713 a prime number?
False
Is 2653595743 a prime number?
False
Is 7285957201 a composite number?
False
Is 575202833 a composite number?
True
Is 7640416813 composite?
True
Is 31006502159 composite?
False
Is 3357622721 composite?
True
Is 109576249 a prime number?
False
Is 7640801437 composite?
False
Is 5616058639 composite?
False
Is 6644384623 a prime number?
False
Is 15722249 a prime number?
False
Is 445799227 a prime number?
False
Is 1718951567 prime?
False
Is 43411990639 composite?
True
Is 719723197 a composite number?
False
Is 3703390531 a prime number?
False
Is 51757274 composite?
True
Is 5906183693 prime?
True
Is 2348679581 a prime number?
True
Is 766732561 composite?
True
Is 26108182517 a composite number?
True
Is 514487791 composite?
False
Is 1309629413 a composite number?
True
Is 985668311 prime?
True
Is 4409355437 prime?
True
Is 9806918629 a composite number?
False
Is 3554210083 a composite number?
True
Is 14214354757 composite?
False
Is 583550003 composite?
True
Is 14153585561 a prime number?
True
Is 10903425641 a composite number?
False
Is 117284115359 a prime number?
True
Is 2106131 prime?
False
Is 8199658219 a prime number?
False
Is 25339680677 a prime number?
False
Is 2842453619 a prime number?
True
Is 42128711 composite?
False
Is 360676123 a prime number?
False
Is 20883300329 prime?
True
Is 263995777 prime?
False
Is 158435352731 prime?
False
Is 140460131 a composite number?
True
Is 3371548559 a composite number?
False
Is 117341665741 a prime number?
True
Is 2689824479 composite?
False
Is 8221246549 prime?
False
Is 33583619203 composite?
False
Is 457470197 composite?
True
Is 3325097953 a composite number?
True
Is 1216110817 a composite number?
False
Is 149501941 a composite number?
True
Is 809898433 a composite number?
False
Is 923896117 a prime number?
False
Is 3606193523 prime?
True
Is 22821134689 prime?
False
Is 667041779 a composite number?
False
Is 11844977635 composite?
True
Is 103714319 a prime number?
True
Is 5606079529 a composite number?
False
Is 51088815509 prime?
True
Is 78339871 composite?
False
Is 187019099 composite?
False
Is 70991538971 prime?
True
Is 39099461979 a composite number?
True
Is 12342453403 a composite number?
True
Is 1712476967 composite?
False
Is 1476626791 prime?
False
Is 5938822749 composite?
True
Is 2888761279 a composite number?
False
Is 2291327 a composite number?
False
Is 15625508557 composite?
False
Is 1501453997 a prime number?
True
Is 8996995551 a composite number?
True
Is 1860121139 a prime number?
True
Is 12654438409 a composite number?
False
Is 38262548741 a prime number?
True
Is 2960509 prime?
True
Is 5078456107 prime?
False
Is 415893783 a prime number?
False
Is 1061449657 composite?
False
Is 20642704703 a composite number?
False
Is 2959444949 prime?
False
Is 16495212497 a composite number?
True
Is 1614956249 prime?
False
Is 17542522 a prime number?
False
Is 1405549403 composite?
False
Is 3663962495 prime?
False
Is 44053544107 a composite number?
False
Is 48357004415 prime?
False
Is 3054999079 prime?
False
Is 10946049493 prime?
True
Is 7263156091 prime?
True
Is 120449317 prime?
False
Is 31774086373 a prime number?
False
Is 1704669077 prime?
False
Is 2100839131 composite?
True
Is 1446361009 a prime number?
True
Is 2559399373 composite?
True
Is 871069111 a composite number?
True
Is 177413009 prime?
True
Is 414067189 composite?
False
Is 689204173 prime?
False
Is 51538335241 composite?
False
Is 10209727529 prime?
True
Is 18119931619 composite?
False
Is 11119143149 prime?
False
Is 13719159287 a composite number?
True
Is 292194397 a prime number?
False
Is 7337323673 prime?
True
Is 1744124719 prime?
True
Is 249788087 prime?
True
Is 399179479 a prime number?
True
Is 3407431 a prime number?
True
Is 115097700647 a composite number?
False
Is 3127175257 a composite number?
False
Is 1064110133 prime?
False
Is 49061411249 composite?
True
Is 868966753 a composite number?
True
Is 102229789157 prime?
True
Is 87094843087 composite?
True
Is 1044427661 a composite number?
True
Is 345808238593 composite?
True
Is 2155172797 a prime number?
False
Is 5410321979 a prime number?
True
Is 1607692859 a composite number?
False
Is 5132549243 composite?
False
Is 974768141 a composite number?
True
Is 8819089319 a prime number?
False
Is 80531186117 composite?
False
Is 27893355473 a prime number?
True
Is 110199995 a composite number?
True
Is 8026354477 a prime number?
True
Is 1433630567 a composite number?
True
Is 427794127 composite?
True
Is 1619927767 a prime number?
False
Is 451128193 prime?
False
Is 21727826062 a prime number?
False
Is 72463435643 a composite number?
False
Is 4249449553 a prime number?
True
Is 296989333 composite?
True
Is 101767670171 a prime number?
True
Is 74789101 a composite number?
False
Is 38534042389 a prime number?
False
Is 29728999 composite?
True
Is 25088303599 composite?
True
Is 340812653 composite?
True
Is 10641841857